rime factors of c?
2, 7, 373
Let f(b) = 5*b**3 + 12*b**2 - 14*b - 14. Let t be f(8). Suppose -c - t = -6*c - 2*v, -3230 = -5*c + 5*v. What are the prime factors of c?
2, 3, 107
Let j = 323 + -321. Let f(c) = 103*c**2 - 3*c + 4. List the prime factors of f(j).
2, 5, 41
Let f(p) be the first derivative of 2*p**3/3 - p**2 - 15*p - 132. List the prime factors of f(14).
349
Let a = 28164 + -2652. What are the prime factors of a?
2, 3, 1063
Let h be 8 - ((0 - (0 - 1)) + 1). List the prime factors of 2880/h + 4*1/(-1).
2, 7, 17
Suppose 5*g = -3*j + 34, 0 = -5*j - 5*g + 19 + 21. Suppose -j*p - 65 - 19 = -3*h, -h - 5*p = -34. What are the prime factors of h?
29
Let d be 2/(-3)*(2 + 1*-8). Suppose 3*t + 1112 = d*b, 0*b - b - 4*t = -278. Suppose -2*j = -b + 98. What are the prime factors of j?
2, 3, 5
Let g(u) = -2*u**2 - 30*u - 16. Let k(c) = 3*c**2 + 30*c + 14. Let b(t) = 5*g(t) + 6*k(t). What are the prime factors of b(-9)?
2, 191
Let u = 7009 - 4360. What are the prime factors of u?
3, 883
Let q(t) = 135*t**2 - 302*t + 25. What are the prime factors of q(9)?
2, 13, 317
Let q = 38 - 33. Suppose -q*x + 3444 = 2*x. Suppose -5*h + x = h. What are the prime factors of h?
2, 41
Let q(o) = 18*o**2 - 27*o + 7. What are the prime factors of q(-19)?
2, 11, 29
Suppose 19 = 3*u + 1. What are the prime factors of ((-428)/u)/((-1)/(-3))*-2?
2, 107
Let d(m) = -3*m + 2. Let t be d(-3). Suppose 8*k + 15 = t*k. Suppose -5*y + k*o = -715, -5*y - 2*o - 370 = -1120. List the prime factors of y.
2, 37
Let p = -33 + 50. Suppose -8564 = -p*b - 642. List the prime factors of b.
2, 233
Let h(t) = 11*t**3 + 2*t**2 + 6*t - 4. Let g(c) = -2*c**3 + c**2 - 2*c + 2. Let i(n) = -6*g(n) - h(n). Let s = 0 + 8. List the prime factors of i(s).
2, 5
Let q be (-16)/(-104) + (-27322)/(-26). Let u = -129 + q. What are the prime factors of u?
2, 461
Let l(b) = b - 1. Let x(h) = -4*h**2 - 2*h - 6. Suppose 2 - 22 = 20*q. Let p(u) = q*x(u) - l(u). List the prime factors of p(-4).
67
Let a be ((-2)/(-6))/(13/312). Let z = -1 - -15. Suppose 0 = a*n - 66 - z. List the prime factors of n.
2, 5
Suppose 4*q - b - 124 = 0, 89 + 63 = 5*q - 2*b. Suppose -q*u = -25*u - 952. What are the prime factors of u?
2, 17
Let n be 4/(-2) + 11/1. Let b = n + -84. What are the prime factors of 0/(4/(-1)) - -1 - b?
2, 19
Let h(t) = -91*t + 178*t - 85*t + 9. Let l be h(4). Let o = l - -106. What are the prime factors of o?
3, 41
Let a(i) = -19*i + 61. Let o be a(-7). Let z = o - -71. List the prime factors of z.
5, 53
Let g(j) be the first derivative of 26*j**2 + 114*j + 7. List the prime factors of g(15).
2, 3, 149
Let f = -92 + 86. Let s be (-2)/7 - -121*f/(-42). Suppose -16*r = -s*r + 263. What are the prime factors of r?
263
Suppose 100*k = -5*v + 103*k + 191357, -4*k = 4*v - 153092. List the prime factors of v.
2, 13, 23
List the prime factors of -112*(-7)/560 - (-83523)/5.
2, 8353
Suppose z + 63 = 4*z. List the prime factors of (-14160)/(-35) + 9/z.
3, 5
Let c = 10966 - 5848. List the prime factors of c.
2, 3, 853
Suppose 0 = -6*x + 2*x + 220. Let p(y) = -y**2 - 2*y + 16. Let t be p(7). Let k = t + x. List the prime factors of k.
2
Let l = 10333 + 1278. What are the prime factors of l?
17, 683
Let r be 3*((-8)/6 + 2). Suppose -3*w + o - 82 = 0, w + 136 = -4*w + r*o. What are the prime factors of 7*(-12)/w*(42 - 1)?
3, 41
Let r = -355 + 40. Let b(l) = 4*l**2 - 275*l - 203. Let h be b(69). Let i = h - r. List the prime factors of i.
181
Let z(f) = -846*f**3 + 2*f**2 - 2*f - 2. Let l(w) = -w**3 + 18*w**2 - 18*w + 16. Let j be l(17). List the prime factors of z(j).
2, 53
Suppose 70235 = 4*c - l, 36*c - 32*c + 2*l = 70226. What are the prime factors of c?
2, 8779
Suppose 5*q + 7*a = 3*a - 73, -3*q + 5*a - 66 = 0. Let p(j) = 4*j**2 + 45*j - 2. What are the prime factors of p(q)?
389
Let b(g) = -11*g**2 + 2 + 0*g**2 - 29*g + 7*g**2 + 3*g + 5*g**2. What are the prime factors of b(-10)?
2, 181
Suppose -3*o = -4*z + 115242, 5*z + 21*o - 24*o = 144057. What are the prime factors of z?
3, 5, 17, 113
Let w(o) = -o**3 + 45*o**2 - 16*o - 277. List the prime factors of w(42).
43, 101
Suppose 3790 = 12*i + 1102. Let n = i - 62. What are the prime factors of n?
2, 3
Suppose -4*m = -5*v + 2130, -8*m - 3*v = -7*m + 541. Let s = m - -954. What are the prime factors of s?
419
Let b(p) = -5*p + 4. Suppose 0*k - 2*k - 10 = 0. Let a be 4/(-12)*(17 + k). List the prime factors of b(a).
2, 3
Suppose -3*l + t + 115 = 0, 4*t + 80 = -2*l + 4*l. Suppose -l*i + 11754 = -20*i. List the prime factors of i.
653
Let k = -27 - -42. What are the prime factors of k*(2/(-1) + 5)?
3, 5
Suppose 16*m = 21*m - 10. Let h(r) = 45*r**m - 10*r + 16 - 24*r**2 - 20*r**2. What are the prime factors of h(9)?
7
Let a = -73 + 111. Let g = -42 + a. Let h = 15 - g. List the prime factors of h.
19
Let a = 20 + -18. Suppose -5 = -a*s + 5. Suppose -4*k = -2*o - 55 - 105, s*o + 148 = 4*k. What are the prime factors of k?
2, 3, 7
Let m be (-10)/((-180)/(-126)*7/(-4)). List the prime factors of (1118/m)/((-1)/(-2)).
13, 43
List the prime factors of 3/126*-4 + (-43692960)/(-2016).
21673
Let y(w) = -w**2 - 11*w + 18. Suppose -16*j + 35 = 179. What are the prime factors of y(j)?
2, 3
What are the prime factors of (-4)/18 - (-330)/(-1188) - (-4077)/2?
2, 1019
What are the prime factors of 30*((-4)/10 - (7152/(-45))/4)?
2, 5, 59
Let y be -1 + -46 + 27/(18/2). What are the prime factors of (y/(-16))/(((-66)/1176)/(-11))?
7, 11
Let m be ((-12)/(-3))/(1/51). Suppose -4*y + 2*t = -28, 4*y - 4*t = -7*t + 28. Suppose -y*b = -b - m. List the prime factors of b.
2, 17
Let u(v) = 6*v**2 + 22*v - 6. Let j(q) = -q**2 - q + 2. Let r be j(-2). Let d be (-4)/1*(r - -2). What are the prime factors of u(d)?
2, 101
Suppose -2*z + 6 = -0*s + 2*s, 0 = -z - 4*s + 6. Suppose -4*o + 46 = -z*q, -o - 20 = -3*o + 2*q. Suppose 0 = -o*f + 10*f + 78. List the prime factors of f.
2, 13
Let d(h) be the third derivative of -h**4/6 + 20*h**3/3 + 28*h**2. Let q be d(8). Suppose 10*y - 30 = q*y. List the prime factors of y.
3, 5
Suppose 20*k + 468810 = 16*k + 49*k. List the prime factors of k.
2, 5209
Suppose -p + 1 = l - 9, 0 = 5*p - 4*l - 5. Let m be (2/4)/((104/80)/13). Suppose b - 205 = -m*k, p*k - 4*b - 87 = 93. List the prime factors of k.
2, 5
Suppose 0 = 8*j - 3*j - 5. Let w(g) = -18*g - 8*g + 35*g + j + 46*g. What are the prime factors of w(1)?
2, 7
Let y(z) = 2*z**2 - 4*z - 81. List the prime factors of y(-21).
3, 5, 59
Let c(x) = -40*x - 11. Let y be (6/(-10))/(2/20). List the prime factors of c(y).
229
Let z = 79350 + -45994. What are the prime factors of z?
2, 31, 269
What are the prime factors of 8 - ((-3)/(-2))/(12/(-37304))?
3, 173
Suppose 159*c - 146*c - 156 = 0. Let h be 0/(-1 - -3) + 432. Suppose -3*x + q + 2*q = -h, 3*q - c = 0. List the prime factors of x.
2, 37
Let x = 88 - 82. Suppose x*t + 5*w - 665 = t, -5*t + 641 = -w. Let r = t + 40. What are the prime factors of r?
13
Let x(o) = o + 4*o**3 + 17 - 16*o**2 + 2*o**2 - 6*o**3. What are the prime factors of x(-9)?
2, 83
Suppose -2*m = -h - 3*h - 206, -535 = -5*m + 5*h. Let a be (m/(-6))/(1/(-8)). Suppose -a = -2*o - 2*l, 7*l - 3*l = -3*o + 223. List the prime factors of o.
73
Suppose 5*n - 264 - 2571 = 0. Let p = n + -497. What are the prime factors of p?
2, 5, 7
Let l(t) = t**3 + 5*t**2 + 2*t - 12. Let y be l(-4). Let d be 50/1*(3 - (-18)/y). What are the prime factors of 17/5 - (-30)/d?
3
Suppose -158*b - 381070 + 1689674 = -114*b. List the prime factors of b.
29741
Let k = -3038 + 6056. List the prime factors of k.
2, 3, 503
Suppose 32*r - 738942 - 335576 = -69654. What are the prime factors of r?
2, 7, 2243
Suppose -3*d - 1382 = z, -3*d + 5*z = 9*z + 1370. What are the prime factors of (d/12)/(((-2)/(-4))/(-1))?
7, 11
Suppose 15*z - 223854 - 119856 = 0. What are the prime factors of z?
2, 3, 19, 67
Suppose -31 = 7*j - 66. Suppose 0 = j*g - 165 - 75. What are the prime factors of g/112 + (-1366)/(-14)?
2, 7
Let q(r) = -1737*r - 1348. What are the prime factors of q(-8)?
2, 3137
Suppose -3*y + 3*k = -9, -2*y + k + 27 = 2*y. Let s be 4 - (4 - 3)*y. What are the prime factors of 2009/35 + 3/(30/s)?
3, 19
Let n be (-5)/((1 + -4)/3). Suppose -10 = n*q - 30. Suppose -5*f + 280 = q*m, -f + 5*m + 4 = -23. List the prime factors of f.
2, 1